 = 4*k**2 - 6*k + 46. Give g(4).
86
Let b(a) = -3*a**3 - a**2 + a. Calculate b(1).
-3
Let p(a) = -a**3 - a**2 - 4*a - 3. What is p(-1)?
1
Let g(o) = o**3 + 7*o**2 - 2*o - 5. Calculate g(-7).
9
Let o(w) = w**3 + 9*w**2 + 2*w + 6. Determine o(-9).
-12
Let p(n) = 15*n**2 + 124*n + 129. Determine p(-7).
-4
Let x(b) = -5*b + 157. Give x(32).
-3
Let o(m) = -m**3 + 9*m**2 + 3*m + 70. Give o(10).
0
Let w(v) = 7*v + 143. Give w(-27).
-46
Let k(b) = 14*b - 5. Calculate k(0).
-5
Let a(p) = -2*p**3 + 5*p**2 + 5*p - 15. Give a(2).
-1
Let v(t) = -t**2 + 7*t - 3. Determine v(8).
-11
Let g(t) = t**3 - 2*t**2 - 9*t - 6. Determine g(4).
-10
Let h(l) = -l**3 + 8*l**2 - 14. What is h(7)?
35
Let b(t) = 24*t**3 + 3*t**2 + 3*t + 1. Calculate b(-1).
-23
Let o(i) = 8*i + 46. Give o(-14).
-66
Let j(o) = o**2 + 4*o - 3. Calculate j(-6).
9
Let a(g) = -3*g + 88. Calculate a(23).
19
Let f(c) = 2*c**2 - 13*c + 34. Give f(7).
41
Let g(b) = -201*b - 3. What is g(-1)?
198
Let p(y) = -6*y + 70. What is p(16)?
-26
Let k(z) = 48*z**2 - z. Give k(1).
47
Let c(z) = -z**2 - 3*z - 8. Calculate c(-3).
-8
Let k(s) = -s**3 - 21*s**2 + 23*s + 39. What is k(-22)?
17
Let y(g) = -g**2 + 16*g - 4. Determine y(16).
-4
Let l(s) = -s**2 - 13*s + 3. Give l(-6).
45
Let r(j) = -104*j - 413. What is r(-4)?
3
Let g(o) = o**3 - 6*o**2 - 18*o + 4. Calculate g(8).
-12
Let l(a) = a**3 + 8*a**2 + 8*a + 5. Calculate l(-7).
-2
Let m(d) = -3*d**2 - 32*d - 21. Calculate m(-9).
24
Let f(i) = 3*i + 2. What is f(2)?
8
Let g(d) = -d**3 + 4*d**2 + 5*d + 6. What is g(5)?
6
Let y(a) = -a**3 + a**2 - a - 26. Determine y(0).
-26
Let s(v) = -v**3 + 24*v**2 - 23*v + 3. Give s(23).
3
Let l(f) = -f**3 - 18*f**2 + 17*f - 42. What is l(-19)?
-4
Let q(i) = 15*i**2 - 4*i + 6. Calculate q(2).
58
Let a(k) = k**3 + 7*k**2 + 9*k + 8. Determine a(-7).
-55
Let k(w) = -35*w + 98. Calculate k(3).
-7
Let o(g) = g + 22. What is o(-13)?
9
Let f(g) = g**2 + 7*g + 7. Give f(-6).
1
Let d(p) = p - 26. What is d(14)?
-12
Let m(k) = k**2 + 15*k - 11. What is m(-16)?
5
Let s(h) = -3*h + 2. What is s(5)?
-13
Let f(y) = -y**3 - 6*y**2 - 6*y + 8. Give f(-5).
13
Let k(m) = -3*m - 21. Give k(-7).
0
Let q(p) = p**2 - 2*p - 11. Calculate q(6).
13
Let f(c) = c**2 - 13*c + 24. Calculate f(6).
-18
Let v(f) = -16*f**2 - 3*f. Give v(-1).
-13
Let m(h) = -2*h**3 - h**2 - 2*h - 3. Determine m(0).
-3
Let j(f) = -2*f**3 + 27*f**2 - 80*f - 11. Calculate j(9).
-2
Let j(g) = g**3 + 23*g**2 - 6. Give j(-23).
-6
Let b(x) = x**2 + 6*x + 19. Calculate b(-8).
35
Let y(h) = -h**2 + 18*h - 40. Calculate y(3).
5
Let z(s) = s - 12. Give z(11).
-1
Let n(d) = -d**2 + 30*d + 11. Determine n(30).
11
Let m(z) = -23*z + 34. What is m(8)?
-150
Let o(b) = 4*b + 13. Determine o(-5).
-7
Let f(h) = -2*h**2 + 5*h - 5. Determine f(4).
-17
Let j(u) = -u**2 + 11*u + 10. Calculate j(12).
-2
Let q(h) = -27*h**3 - h**2 - h. Determine q(-1).
27
Let v(h) = -42*h - 6. Calculate v(1).
-48
Let a(p) = p**3 - p + 7. Give a(-3).
-17
Let l(n) = n**2 - 11*n + 29. Calculate l(6).
-1
Let d(s) = -2*s**2 + 9*s + 19. Calculate d(-6).
-107
Let q(h) = -8*h + 131. Calculate q(14).
19
Let o(z) = z + 3. What is o(6)?
9
Let k(i) = -i - 7. What is k(0)?
-7
Let f(h) = -h**3 + 5*h**2 - 6*h + 9. Determine f(4).
1
Let o(i) = i + 17. Determine o(-10).
7
Let k(w) = -w**3 + 3*w + 2. What is k(-1)?
0
Let d(n) = -n - 2. What is d(6)?
-8
Let q(x) = x**3 - 11*x**2 + 22*x - 14. Give q(10).
106
Let k(z) = z**3 + 5*z**2 + 7*z + 8. Determine k(-3).
5
Let q(p) = -5*p + 3. What is q(3)?
-12
Let w(o) = o**3 + 12*o**2 - 11*o + 3. What is w(-12)?
135
Let c(z) = -11*z + 95. Determine c(8).
7
Let x(y) = 2*y**2 - 10*y + 19. Calculate x(4).
11
Let p(z) = 2*z**2 - 22*z + 59. Calculate p(8).
11
Let m(p) = p**2 - p - 8. Calculate m(4).
4
Let c(s) = s**2 - 2*s - 6. Determine c(-5).
29
Let i(x) = x**3 - 5*x. Give i(-3).
-12
Let x(o) = 2*o**3 + 10*o**2 + 6*o + 13. Give x(-5).
-17
Let u(l) = 73*l - 214. What is u(3)?
5
Let i(k) = k**2 - 21*k + 44. Calculate i(19).
6
Let a(p) = 4*p - 3. Determine a(3).
9
Let p(c) = -c + 8. Determine p(-3).
11
Let u(p) = -6*p + 122. Calculate u(23).
-16
Let l(d) = d**2 - 2*d - 35. Give l(8).
13
Let a(f) = -f**3 + f**2 + f - 4. Determine a(0).
-4
Let n(z) = -3*z**2 + 2*z - 1. Determine n(1).
-2
Let x(h) = -h**3 - 7*h**2 + 11*h + 9. Calculate x(-8).
-15
Let c(h) = 7*h + 24. Determine c(-2).
10
Let s(m) = -m**3 + 4*m + 3. What is s(-3)?
18
Let p(h) = h - 24. What is p(21)?
-3
Let x(n) = n**3 - 9*n**2 + 15*n - 9. Determine x(7).
-2
Let u(o) = -o**3 + 35*o**2 + 157*o - 34. Calculate u(39).
5
Let b(l) = l**2 + 7*l - 2. Calculate b(-7).
-2
Let q(z) = -z**3 + 10*z**2 + 13*z - 5. Give q(11).
17
Let m(c) = 8*c - 32. Give m(8).
32
Let i(k) = k**2 + 53*k + 79. Determine i(-51).
-23
Let x(o) = 2*o**3 - 6*o**2 - 2*o - 12. What is x(5)?
78
Let k(r) = -r**3 - r**2 - 6*r + 11. Give k(0).
11
Let w(t) = -2*t**3 - 20*t**2 - 21*t - 26. Give w(-9).
1
Let z(d) = -2*d + 10. Give z(-3).
16
Let v(p) = p**2 + 13*p - 2. Give v(-12).
-14
Let g(j) = -12*j - 2. Determine g(3).
-38
Let n(v) = 2*v**2 + 30*v - 25. Give n(-18).
83
Let z(u) = u**2 + 9*u + 9. What is z(-9)?
9
Let w(t) = 2*t**3 + 8*t**2 - 10*t - 49. What is w(-4)?
-9
Let d(b) = 8*b**3 - 2*b**2 - b. What is d(-1)?
-9
Let f(q) = -q**2 + 25*q - 46. Give f(20).
54
Let i(c) = -3*c**2 + 9*c + 1. Calculate i(-3).
-53
Let t(h) = -h**2 - 8*h - 7. Give t(-8).
-7
Let f(r) = -63*r + 1. What is f(-1)?
64
Let s(w) = -94*w**3 + w**2 - 2*w + 2. Give s(1).
-93
Let h(c) = c**3 - 41*c**2 - 43*c + 40. What is h(42)?
-2
Let w(t) = t + 3. Calculate w(-3).
0
Let x(l) = -2*l**3 + 7*l**2 + 15*l - 3. Give x(5).
-3
Let k(q) = 3*q + 19. What is k(-6)?
1
Let j(w) = 25*w - 2. Calculate j(-1).
-27
Let m(z) = z**3 + 19*z**2 + 18*z - 11. Determine m(-18).
-11
Let z(u) = -u**2 + 8*u + 6. Determine z(8).
6
Let r(c) = 3*c + 34. What is r(-19)?
-23
Let t(x) = -9*x + 37. Give t(3).
10
Let x(u) = 4*u**2 + 21*u + 2. Determine x(-9).
137
Let w(j) = -j**3 + 6*j**2 + 9*j - 15. Give w(7).
-1
Let u(k) = k + 13. Calculate u(-6).
7
Let n(x) = 13*x**2 + 2*x - 3. Determine n(2).
53
Let x(u) = 3*u**3 + 2*u**2 - u - 3. Determine x(3).
93
Let q(a) = a**2 + 5*a + 6. Give q(-5).
6
Let q(c) = -7*c - 38. Give q(-6).
4
Let t(r) = r**2 - 11*r + 24. Calculate t(6).
-6
Let o(b) = b**3 + 21*b**2 - 22*b + 7. Determine o(-22).
7
Let i(f) = -f**3 - 20*f**2 + 23*f + 49. Calculate i(-21).
7
Let k(p) = -p - 16. Determine k(-14).
-2
Let t(m) = -m**2 - 2*m - 25. Give t(0).
-25
Let u(t) = -4*t + 17. What is u(11)?
-27
Let z(y) = -y**3 + 7*y**2 - 6*y + 3. Calculate z(4).
27
Let x(u) = u**2 - 11*u + 10. Determine x(8).
-14
Let z(l) = -4*l**2 + 14*l - 5. Calculate z(4).
-13
Let d(n) = -n**2 - 14*n + 9. Give d(-14).
9
Let b(v) = -v**3 - 6*v**2 - 9*v - 12. Give b(-4).
-8
Let v(p) = -p**3 - 9*p**2 - 7*p - 5. Determine v(-7).
-54
Let x(y) = y**2 + 27*y. Determine x(-27).
0
Let q(i) = -5*i + 100. What is q(19)?
5
Let g(p) = -p**3 + 2*p**2 - p + 7. Give g(4).
-29
Let d(t) = 2*t**2 - 3*t - 107. Determine d(8).
-3
Let k(d) = d**3 - 8*d**2 - 3. Determine k(8).
-3
Let r(u) = 26*u + 704. Give r(-27).
2
Let c(s) = -12*s**3 + s. Determine c(-1).
11
Let y(f) = -f + 27. Determine y(11).
16
Let b(m) = m**2 + 7*m - 7. Give b(-13).
71
Let r(v) = v**3 + 10*v**2 - 13*v - 26. Determine r(-11).
-4
Let u(h) = -24*h - 41. Determine u(-4).
55
Let h(v) = -v**3 + 3*v**2 - 5*v + 6. Calculate h(2).
0
Let r(o) = -o + 1. What is r(-4)?
5
Let y(r) = -22*r + 218. Calculate y(10).
-2
Let c(z) = z**3 + 12*z**2 + 17. Calculate c(-12).
17
Let s(p) = 16*p - 35. Calculate s(8).
93
Let v(g) = 2*g + 1. What is v(-7)?
-13
Let b(g) = 12*g - 8. Determine b(5).
52
Let c(v) = 5*v - 28. Give c(5).
-3
Let f(k) = -2*k**2 + 26*k + 32. Determine f(14).
4
Let x(v) = -v**2 - 4*v + 223. Determine x(13).
2
Let z(g) = g**2 - 14*g + 35. Give z(7).
-14
Let n(o) = -12*o**2 - o. Give n(1).
-13
Let d(l) = l**2 + 14*l + 5. Give d(-14).
5
Let f(h) = h**2 + 5*h - 6. Calculate f(-5).
-6
Let a(b) = -b**2 + 6*b. Determine a(8).
-16
Let u(m) = m**3 + 5*m**2 - 3*m - 2. What is u(-5)?
13
Let t(p) = -6*p**2 - p - 2. Calculate t(-2).
-24
Let k(z) = z**2 + 21. What is k(0)?
21
Let a(c) = -c**3 - 31*c**2 - 61*c - 72. Calculate a(-29).
15
Let g(r) = 11*r**3 + 2*r - 2. Calculate g(1).
11
Let l(i) = -i**3 - 32*i**2 - 60*i